 What are the prime factors of d?
2, 3
What are the prime factors of ((-6)/3)/(2/(-29))?
29
Let j be (9/(-6))/((-1)/2). Let x be ((0 - 0)/(-3))/(-2). Suppose x*r - 24 = -j*r. What are the prime factors of r?
2
Let l(n) = -n**3 + 5*n**2 + 2*n - 5. Let f be (-20)/6*3/(-2). Let u be l(f). Suppose 0 = 3*d + m - 14, u*m - 2*m = 4*d - 36. List the prime factors of d.
2, 3
Let t = -12 - -22. Suppose -5*x - t = 0, -3*a + 2*x - 5*x + 9 = 0. List the prime factors of a.
5
Suppose 0*l - 118 = -2*l. Let o = l + -41. What are the prime factors of o?
2, 3
Suppose 10 = -8*j + 10*j. What are the prime factors of j?
5
Suppose 6*o = 8*o - 210. What are the prime factors of o?
3, 5, 7
Let d = -2 - -4. Let k(c) be the first derivative of 3*c**2/2 + c + 4. List the prime factors of k(d).
7
Let l(j) = -2*j + 4*j - 2*j + 5 - 2*j. List the prime factors of l(-4).
13
Suppose -3*k - 1 = 17. Let i be (k/(-10))/((-4)/(-20)). Suppose g - i = 5. List the prime factors of g.
2
List the prime factors of (88/6 + -4)/((-1)/(-3)).
2
Suppose -2*l = -3*x - 11, -2*x = 2*l - 6*x - 14. Suppose -n + g = 2*g - l, -n - 3*g + 3 = 0. Suppose c = 6 - n. What are the prime factors of c?
2, 3
Let z(c) = 16*c**2 + c - 2. Let k be 3/6*2 - 3. Let g be z(k). Suppose -4*d + 1 = i - 2, -5*d = -3*i + g. What are the prime factors of i?
3, 5
Let b(z) = z - 1. Let v be b(0). Let p = v + -5. Let a(m) = -3*m - 3. List the prime factors of a(p).
3, 5
Let z be 2*(2 - -1 - 2). Suppose 0 = -z*i - 2*i + 80. What are the prime factors of i?
2, 5
Let d = 162 - 93. What are the prime factors of d?
3, 23
List the prime factors of -33*4/(-12) + -2.
3
Let d(y) = 3*y + 3*y - 5*y - 3. Let j be d(5). Suppose 3*r - 35 = -j*r. What are the prime factors of r?
7
Let l be 6/(-4)*70/(-7). Let g be 1*2/4*6. Suppose -l = g*q - 4*y - 53, 0 = 5*q - y - 52. What are the prime factors of q?
2, 5
Let z(j) = j + 121. Let k be z(0). Let c be 2/8 + k/(-4). List the prime factors of c/(-9)*3*1.
2, 5
Let g = 5 - -2. Let f = 15 - g. Suppose -s + f = s. What are the prime factors of s?
2
Let u(q) = -6*q + 13. What are the prime factors of u(-23)?
151
Let v be 2/(-4) - (-7)/(-2). Let z = -9 - -19. Let n = v + z. What are the prime factors of n?
2, 3
Let j(y) = 10*y**3 - 3*y - 2. Let a be j(-2). Let w = -54 - a. What are the prime factors of w?
2, 11
Let u be (1 - 0/2) + -7. Let k = u - -11. What are the prime factors of k?
5
Let z(x) = -x**3 + x**2 + 2*x + 2. Let m be z(3). Let c(v) = -v**2 - 12*v - 12. What are the prime factors of c(m)?
2
Let g(v) = v + 8. Suppose t + 4*t = 15. Let d be 2/6 + (-1)/t. What are the prime factors of g(d)?
2
Suppose -d + 8 = -0. Suppose n = 5*t - 2 - d, -5*t - 10 = -5*n. What are the prime factors of ((-4)/n)/(4/(-30))?
2, 3
Suppose -3*p = 2*h - 8, h - 6*h = -2*p - 20. Suppose -4*r - 16 = p, 3*t - 4*r - 46 = -0*r. List the prime factors of t.
2, 5
Let u(c) = -40*c - 28. List the prime factors of u(-5).
2, 43
Suppose 3*c - 47 = 5*s + 5*c, -2*c = -4*s - 52. Let y(x) = -x**3 - 12*x**2 - 12*x + 3. What are the prime factors of y(s)?
2, 7
Let h(v) = -v**2 - 13*v - 6. Let o(k) = -k**2 + 7*k + 11. Let s be o(9). Let b be h(s). Let x = b - 26. List the prime factors of x.
2, 5
Suppose 3*u = a + 183, -4*u = 5*a + 46 - 290. What are the prime factors of u?
61
Let q be -2 + 5 + (-2)/(-1). Suppose -q*v + 2*v + 15 = 0. Suppose -v*i + 10*i = 20. List the prime factors of i.
2
Suppose -5*k + 3 = -7. Let m(x) = 4*x + 2*x**2 - 4*x. List the prime factors of m(k).
2
Let m = -16 + 18. What are the prime factors of m?
2
Suppose 0 = 3*r - 182 - 55. List the prime factors of r.
79
Let q(x) = -6*x - 2. What are the prime factors of q(-3)?
2
Suppose -p - 9 = -5*t, 0 - 8 = -2*t - 4*p. Suppose z = 3*g - 25, -3*g + 4*z + 29 = t*z. List the prime factors of g.
7
Let v = 6 - 15. Let l(k) be the second derivative of -k**5/20 - 5*k**4/6 - 3*k**3/2 + 4*k**2 - 6*k. List the prime factors of l(v).
2
Let t = -56 + 152. What are the prime factors of t?
2, 3
Let c be 3/(-9) + (-8)/(-6). Suppose 13 = 2*f - 2*o + 3*o, 0 = -o - c. What are the prime factors of f?
7
Let b(x) = x**2 - 8*x - 10. Let n be b(8). Let i = n - -14. What are the prime factors of i?
2
Suppose 2*w - k + 10 = 67, -2*w - 3*k + 53 = 0. What are the prime factors of w?
2, 7
Suppose -3*v + 5*g + 497 = 0, 3*v + 5*g = 380 + 107. Suppose -2*b - 2*b + v = 0. Suppose -t - 59 = -5*l, l - 2*t - b = -2*l. What are the prime factors of l?
11
Let s(f) = -f**3 + 7*f**2 + 4*f**3 - 8 - 2*f**3. What are the prime factors of s(-6)?
2, 7
What are the prime factors of 141/8 + (-21)/(-56)?
2, 3
Let s(r) = 5*r**2 - r - 2. Let b be s(-2). Suppose -3*i + 4*p = 44, p - b = i - 3*p. Let k = -5 - i. List the prime factors of k.
7
Let x = -7 + 9. Suppose x*q + 0 = 20. Let i = 26 - q. List the prime factors of i.
2
Suppose -3 = 3*w - 18. Suppose 0 = -w*f + f + 52. What are the prime factors of f?
13
Let o(b) = -b**2 + b. Let u be o(1). Suppose m + t = -u*t + 15, 0 = -2*m + t + 21. List the prime factors of m.
2, 3
Let o = -17 - -22. Suppose 90 = o*a - 75. What are the prime factors of a?
3, 11
Suppose 116 = 6*z - 286. List the prime factors of z.
67
Let j = 17 + -29. Let t = j - -17. List the prime factors of t.
5
Let z = 14 - 9. Let h(w) = w + 8. Let t be h(-6). Suppose 1 + z = t*v. What are the prime factors of v?
3
Let g be (1 + -1 + -35)*-1. Let s = -12 - -17. Suppose -4*c = p + 8, s*p - 4*c - g = 45. List the prime factors of p.
2, 3
Suppose 17*r + 24 = 21*r. What are the prime factors of r?
2, 3
Let r be 1/2 + 15/(-6). List the prime factors of (26 + 0)*(-1)/r.
13
Suppose 4*t = -4*v + 123 - 39, 6 = -3*t. List the prime factors of v.
23
Suppose -f - 5*s = -109, f - s - 174 = -f. What are the prime factors of f?
89
Suppose 1 = -4*h + 5. Let w = -1 - h. List the prime factors of (0 + w)*(-11)/2.
11
Let k = 13 - 8. Suppose -9 = y + 3*z, 4*y - 14 - 18 = k*z. Suppose -y*g = -a + 20, 3*a - 38 + 6 = 2*g. List the prime factors of a.
2
Let q(n) be the third derivative of n**5/60 + 5*n**4/12 + 4*n**3/3 + 6*n**2. What are the prime factors of q(-10)?
2
Let m(z) = 9*z**3 - 1. Let b be m(1). List the prime factors of b + (-16)/(-4) + 0.
2, 3
Let f(h) = 5*h**3 - 5*h**2 + 5*h + 6. Let v(s) = 8*s**3 + 5 - 4*s**3 - 4*s**2 + 2*s**3 + 4*s. Let w(z) = -4*f(z) + 5*v(z). List the prime factors of w(1).
11
Let i = 2 + -2. Suppose i*x + 3*x - 15 = 0. Suppose -2*q - 3*q - 12 = -2*d, x*q - 12 = -2*d. What are the prime factors of d?
2, 3
Suppose -4*z + 18 = 3*x, 0 = -5*x + 2*x - 2*z + 12. Suppose -5*d = -x*l + 22, -l = -2*d + 4*d - 11. List the prime factors of l.
11
Let h(y) = -y**2 + 12*y - 10. Let p be h(9). Suppose -p + 7 = -5*o, -o = 2*a - 38. Let w = a + -11. List the prime factors of w.
7
Let i(a) = 282*a**2 - a. What are the prime factors of i(1)?
281
Suppose a - 4 = -0*a. Suppose -a*m = -2*r + 12, 4*m + 36 = -2*r + 6*r. Suppose -r = -3*z - 0*z. What are the prime factors of z?
2
List the prime factors of 1 - (-4 + -56 + -3).
2
Suppose 0 = -0*u - 2*u + 14. Suppose -d + 5*d - 3*m - u = 0, -2*d + 11 = m. Let j = d + 0. What are the prime factors of j?
2
Let a(q) = -14*q**2 + q + 3. Let l be a(-1). Suppose -3*h + 0 = 51. Let f = l - h. List the prime factors of f.
5
Let d(k) = -2*k**2 + 7*k + 1. Let t be d(6). Suppose 0*y + 94 = 2*y - 2*v, -y + 45 = -3*v. Let a = t + y. What are the prime factors of a?
19
Let u(c) = -2*c + 5. Let g be ((-60)/48)/(1/4). What are the prime factors of u(g)?
3, 5
Suppose -5*u = -4*s - 8, -5*u + 4 = -s + 2. Let v = 5 + u. Suppose -2*w = -t + v, 5*w + 36 = 3*t + 6*w. What are the prime factors of t?
11
Suppose -10*b + 2 = -9*b. Suppose -15 = -5*s - 5*x, 9*s - 4*s + x = 23. Suppose 2*u + u = -b*n + 30, n = u - s. List the prime factors of u.
2
Let h(b) = -b**2 + 28. What are the prime factors of h(0)?
2, 7
What are the prime factors of (36/27)/(2/168)?
2, 7
Let c(m) = 2*m**3 - 5*m**2 - m + 5. Let j be c(4). Let k = j + -28. What are the prime factors of k?
3, 7
What are the prime factors of ((-9)/(-6)*2)/((-15)/(-635))?
127
Let l = 495 - 249. What are the prime factors of l?
2, 3, 41
Suppose -g + 3 + 2 = 0. Suppose -3*l + 40 = 2*j, -g*j - 5 + 30 = 0. What are the prime factors of l?
2, 5
Let o(h) = h**2 - 4*h - 3. List the prime factors of o(6).
3
List the prime factors of 181 + 0/2 